{"id":4348,"date":"2025-09-02T13:00:16","date_gmt":"2025-09-02T18:00:16","guid":{"rendered":"https:\/\/tectelsuministros.com\/?post_type=product&#038;p=4348"},"modified":"2026-04-18T16:29:03","modified_gmt":"2026-04-18T21:29:03","slug":"paquete-de-bateria-lifepo4-60v-20a","status":"publish","type":"product","link":"https:\/\/tectelsuministros.com\/index.php\/producto\/paquete-de-bateria-lifepo4-60v-20a\/","title":{"rendered":"Paquete de bateria Lifepo4 60V 20A"},"content":{"rendered":"<p>Bateria 60V 20 amperios<\/p>\n<p>Paquete de bateria lifepo4 para vehiculos electricos<\/p>\n<p>2000 ciclos de carga (mas de 6 a\u00f1os de servicio)<\/p>\n<p>Tiempo de carga: 4-5 horas<\/p>\n<p>Caja en acero incoxidable<\/p>\n<p>Peso 13 kilos<\/p>\n<p>Garantia: 14 meses<\/p>\n<p>Tiempo de vida: M\u00e1s de 6 a\u00f1os 2500 ciclos<\/p>\n<p><strong>Precio incluye cargador.<\/strong><\/p>\n","protected":false},"excerpt":{"rendered":"<p>Bateria 60V 20 amperios Paquete de bateria lifepo4 para vehiculos electricos 2000 ciclos de carga (mas de 6 a\u00f1os de servicio) Tiempo de carga: 4-5 horas Caja en acero incoxidable Peso 13 kilos Garantia: 14 meses Tiempo de vida: M\u00e1s de 6 a\u00f1os 2500 ciclos Precio incluye cargador.<\/p>\n","protected":false},"featured_media":4349,"comment_status":"open","ping_status":"closed","template":"","meta":[],"product_brand":[632],"product_cat":[437],"product_tag":[597,630,631,617,628,629,581,594,596,595,490,627],"class_list":{"0":"post-4348","1":"product","2":"type-product","3":"status-publish","4":"has-post-thumbnail","6":"product_brand-baterias-lifepo4","7":"product_cat-lifepo4-litio_ion-plomo-accesorios","8":"product_tag-60v-20a-litio","9":"product_tag-bateria-60v-litio","10":"product_tag-bateria-lifepo4-60v-20a","11":"product_tag-bateria-litio-aguila","12":"product_tag-bateria-rayo","13":"product_tag-bateria-rayo-litio","14":"product_tag-baterias-de-litio-plug-bike","15":"product_tag-lifepo4-plug-bike","16":"product_tag-litio-ferroso-60v","17":"product_tag-litio-ferroso-colombia","18":"product_tag-paquete-de-baterias-lifepo4","19":"product_tag-seuz-60v-20a-litio","21":"first","22":"instock","23":"sale","24":"taxable","25":"shipping-taxable","26":"purchasable","27":"product-type-simple"},"jetpack_sharing_enabled":true,"_links":{"self":[{"href":"https:\/\/tectelsuministros.com\/index.php\/wp-json\/wp\/v2\/product\/4348","targetHints":{"allow":["GET"]}}],"collection":[{"href":"https:\/\/tectelsuministros.com\/index.php\/wp-json\/wp\/v2\/product"}],"about":[{"href":"https:\/\/tectelsuministros.com\/index.php\/wp-json\/wp\/v2\/types\/product"}],"replies":[{"embeddable":true,"href":"https:\/\/tectelsuministros.com\/index.php\/wp-json\/wp\/v2\/comments?post=4348"}],"wp:featuredmedia":[{"embeddable":true,"href":"https:\/\/tectelsuministros.com\/index.php\/wp-json\/wp\/v2\/media\/4349"}],"wp:attachment":[{"href":"https:\/\/tectelsuministros.com\/index.php\/wp-json\/wp\/v2\/media?parent=4348"}],"wp:term":[{"taxonomy":"product_brand","embeddable":true,"href":"https:\/\/tectelsuministros.com\/index.php\/wp-json\/wp\/v2\/product_brand?post=4348"},{"taxonomy":"product_cat","embeddable":true,"href":"https:\/\/tectelsuministros.com\/index.php\/wp-json\/wp\/v2\/product_cat?post=4348"},{"taxonomy":"product_tag","embeddable":true,"href":"https:\/\/tectelsuministros.com\/index.php\/wp-json\/wp\/v2\/product_tag?post=4348"}],"curies":[{"name":"wp","href":"https:\/\/api.w.org\/{rel}","templated":true}]}}