{"id":3883,"date":"2023-10-13T09:45:08","date_gmt":"2023-10-13T14:45:08","guid":{"rendered":"https:\/\/tectelsuministros.com\/?post_type=product&#038;p=3883"},"modified":"2026-04-27T09:27:39","modified_gmt":"2026-04-27T14:27:39","slug":"usb-control-de-volumen-vts100","status":"publish","type":"product","link":"https:\/\/tectelsuministros.com\/index.php\/producto\/usb-control-de-volumen-vts100\/","title":{"rendered":"Diadema Callcenter USB Control de volumen VTS100 Call Center &#8211; Home Office"},"content":{"rendered":"<p>Arco metalico especial para callcenter de alta duracion. 12 meses de garantia.<\/p>\n<p>Especificaciones:<br \/>\n1) Impedancia nominal (CA): 26\u03a9\u00b115%<br \/>\n2) Potencia nominal de trabajo de auriculares y altavoz: 180 mW<br \/>\nPotencia de trabajo nominal: 12 mW<br \/>\n3) Rango de frecuencia efectivo: 20-20 KHz<br \/>\n4) Sensibilidad del micr\u00f3fono: -38\u00b13dB<br \/>\n5) Sensibilidad de los auriculares: 117 \u00b1 3 dB<br \/>\n6) Distorsi\u00f3n del sonido: \u22643%<br \/>\n7) Peso\/tama\u00f1o del producto: 127 g<br \/>\n8) Peso bruto (1 unidad en caja de color): 220 g<br \/>\n9) est\u00e9reo de dos canales<br \/>\n10) Longitud del cable: 2,38 M<br \/>\nCaracter\u00edstica:<br \/>\n* Controlador de sonido USB incorporado, calidad de cristal<br \/>\n* Diadema ajustable y liviana<br \/>\n* Compatible con todos los dispositivos m\u00f3viles y computadoras.<br \/>\n* Control de l\u00ednea USB con funci\u00f3n MUTE<br \/>\n* Almohadillas c\u00f3modas para los o\u00eddos, sin dolor despu\u00e9s de un uso prolongado<br \/>\n* Orejeras suaves, aislamiento de ruido.<br \/>\n* Brazo de micr\u00f3fono ajustable, uso en oreja izquierda o derecha<\/p>\n","protected":false},"excerpt":{"rendered":"<p>Arco metalico especial para callcenter de alta duracion. 12 meses de garantia. Especificaciones: 1) Impedancia nominal (CA): 26\u03a9\u00b115% 2) Potencia nominal de trabajo de auriculares y altavoz: 180 mW Potencia de trabajo nominal: 12 mW 3) Rango de frecuencia efectivo: 20-20 KHz 4) Sensibilidad del micr\u00f3fono: -38\u00b13dB 5) Sensibilidad de los auriculares: 117 \u00b1 3 [&hellip;]<\/p>\n","protected":false},"featured_media":4472,"comment_status":"open","ping_status":"closed","template":"","meta":[],"product_brand":[],"product_cat":[123],"product_tag":[404,419,345,403],"class_list":{"0":"post-3883","1":"product","2":"type-product","3":"status-publish","4":"has-post-thumbnail","6":"product_cat-auriculares-call-center-y-home-office","7":"product_tag-diadema-callcenter-usb","8":"product_tag-diadema-monoaural-usb","9":"product_tag-diademas-callcenter","10":"product_tag-vts100","12":"first","13":"instock","14":"taxable","15":"shipping-taxable","16":"purchasable","17":"product-type-simple"},"jetpack_sharing_enabled":true,"_links":{"self":[{"href":"https:\/\/tectelsuministros.com\/index.php\/wp-json\/wp\/v2\/product\/3883","targetHints":{"allow":["GET"]}}],"collection":[{"href":"https:\/\/tectelsuministros.com\/index.php\/wp-json\/wp\/v2\/product"}],"about":[{"href":"https:\/\/tectelsuministros.com\/index.php\/wp-json\/wp\/v2\/types\/product"}],"replies":[{"embeddable":true,"href":"https:\/\/tectelsuministros.com\/index.php\/wp-json\/wp\/v2\/comments?post=3883"}],"wp:featuredmedia":[{"embeddable":true,"href":"https:\/\/tectelsuministros.com\/index.php\/wp-json\/wp\/v2\/media\/4472"}],"wp:attachment":[{"href":"https:\/\/tectelsuministros.com\/index.php\/wp-json\/wp\/v2\/media?parent=3883"}],"wp:term":[{"taxonomy":"product_brand","embeddable":true,"href":"https:\/\/tectelsuministros.com\/index.php\/wp-json\/wp\/v2\/product_brand?post=3883"},{"taxonomy":"product_cat","embeddable":true,"href":"https:\/\/tectelsuministros.com\/index.php\/wp-json\/wp\/v2\/product_cat?post=3883"},{"taxonomy":"product_tag","embeddable":true,"href":"https:\/\/tectelsuministros.com\/index.php\/wp-json\/wp\/v2\/product_tag?post=3883"}],"curies":[{"name":"wp","href":"https:\/\/api.w.org\/{rel}","templated":true}]}}